{"id":136,"date":"2026-03-20T13:39:27","date_gmt":"2026-03-20T13:39:27","guid":{"rendered":"https:\/\/sbservicos.cliqueapps.pt\/?page_id=136"},"modified":"2026-03-23T11:44:43","modified_gmt":"2026-03-23T11:44:43","slug":"quem-somos","status":"publish","type":"page","link":"https:\/\/sbservicos.net.br\/?page_id=136","title":{"rendered":"QUEM SOMOS"},"content":{"rendered":"\t\t<div data-elementor-type=\"wp-page\" data-elementor-id=\"136\" class=\"elementor elementor-136\">\n\t\t\t\t<div class=\"elementor-element elementor-element-5a57909 e-flex e-con-boxed e-con e-parent\" data-id=\"5a57909\" data-element_type=\"container\" data-e-type=\"container\">\n\t\t\t\t\t<div class=\"e-con-inner\">\n\t\t\t\t<div class=\"elementor-element elementor-element-d3b5b5e elementor-widget elementor-widget-heading\" data-id=\"d3b5b5e\" data-element_type=\"widget\" data-e-type=\"widget\" data-widget_type=\"heading.default\">\n\t\t\t\t\t<h2 class=\"elementor-heading-title elementor-size-default\">\nQUEM SOMOS<\/h2>\t\t\t\t<\/div>\n\t\t\t\t<div class=\"elementor-element elementor-element-8b60871 elementor-widget elementor-widget-text-editor\" data-id=\"8b60871\" data-element_type=\"widget\" data-e-type=\"widget\" data-widget_type=\"text-editor.default\">\n\t\t\t\t\t\t\t\t\t<p data-start=\"167\" data-end=\"520\"><span dir=\"auto\" style=\"vertical-align: inherit;\"><span dir=\"auto\" style=\"vertical-align: inherit;\">A <\/span><\/span><strong data-start=\"169\" data-end=\"199\"><span dir=\"auto\" style=\"vertical-align: inherit;\"><span dir=\"auto\" style=\"vertical-align: inherit;\">SB Servi\u00e7os Intermedia\u00e7\u00f5es<\/span><\/span><\/strong><span dir=\"auto\" style=\"vertical-align: inherit;\"><span dir=\"auto\" style=\"vertical-align: inherit;\"> \u00e9 uma empresa brasileira fundada em 2015, com atua\u00e7\u00e3o estrat\u00e9gica nas \u00e1reas de sustentabilidade, energia e intermedia\u00e7\u00e3o de neg\u00f3cios nos \u00e2mbitos nacional e internacional. Desde o in\u00edcio, nasceu com o prop\u00f3sito de introduzir solu\u00e7\u00f5es inovadoras no mercado, conectando desenvolvimento econ\u00f4mico \u00e0 responsabilidade ambiental.<\/span><\/span><\/p><p data-start=\"522\" data-end=\"832\"><span dir=\"auto\" style=\"vertical-align: inherit;\"><span dir=\"auto\" style=\"vertical-align: inherit;\">Especializada na implanta\u00e7\u00e3o de usinas de <\/span><\/span><strong data-start=\"564\" data-end=\"598\"><span dir=\"auto\" style=\"vertical-align: inherit;\"><span dir=\"auto\" style=\"vertical-align: inherit;\">Res\u00edduos S\u00f3lidos Urbanos (RSU)<\/span><\/span><\/strong><span dir=\"auto\" style=\"vertical-align: inherit;\"><span dir=\"auto\" style=\"vertical-align: inherit;\"> e <\/span><\/span><strong data-start=\"601\" data-end=\"639\"><span dir=\"auto\" style=\"vertical-align: inherit;\"><span dir=\"auto\" style=\"vertical-align: inherit;\">Res\u00edduos da Constru\u00e7\u00e3o Civil (RCC)<\/span><\/span><\/strong><span dir=\"auto\" style=\"vertical-align: inherit;\"><span dir=\"auto\" style=\"vertical-align: inherit;\"> , a SB atua na transforma\u00e7\u00e3o de res\u00edduos em energia limpa e novos insumos, contribuindo diretamente para a elimina\u00e7\u00e3o de lix\u00f5es ao c\u00e9u aberto e para a melhoria da qualidade de vida da popula\u00e7\u00e3o.<\/span><\/span><\/p><p data-start=\"834\" data-end=\"1054\"><span dir=\"auto\" style=\"vertical-align: inherit;\"><span dir=\"auto\" style=\"vertical-align: inherit;\">Al\u00e9m disso, a empresa se destaca na intermedia\u00e7\u00e3o de commodities e opera\u00e7\u00f5es de exporta\u00e7\u00e3o e importa\u00e7\u00e3o, conectando parceiros estrat\u00e9gicos e viabilizando oportunidades comerciais com seguran\u00e7a, agilidade e transpar\u00eancia.<\/span><\/span><\/p><p data-start=\"1056\" data-end=\"1314\"><span dir=\"auto\" style=\"vertical-align: inherit;\"><span dir=\"auto\" style=\"vertical-align: inherit;\">Com uma equipe preparada para novos desafios e parcerias consolidadas no Brasil e no exterior, a SB Servi\u00e7os Intermedia\u00e7\u00f5es trabalha com tecnologias avan\u00e7adas, como a pir\u00f3lise, que permite o reaproveitamento eficiente de res\u00edduos com menor impacto ambiental.<\/span><\/span><\/p><p data-start=\"1316\" data-end=\"1530\"><span dir=\"auto\" style=\"vertical-align: inherit;\"><span dir=\"auto\" style=\"vertical-align: inherit;\">Mais do que oferecer solu\u00e7\u00f5es, a SB tem como miss\u00e3o gerar impacto positivo no mercado e na sociedade, promovendo um futuro mais sustent\u00e1vel, inovador e economicamente vi\u00e1vel para empresas, munic\u00edpios e comunidades.<\/span><\/span><\/p>\t\t\t\t\t\t\t\t<\/div>\n\t\t\t\t\t<\/div>\n\t\t\t\t<\/div>\n\t\t\t\t<\/div>\n\t\t","protected":false},"excerpt":{"rendered":"<p>QUEM SOMOS A SB Servi\u00e7os Intermedia\u00e7\u00f5es \u00e9 uma empresa brasileira fundada em 2015, com atua\u00e7\u00e3o estrat\u00e9gica nas \u00e1reas de sustentabilidade, energia e intermedia\u00e7\u00e3o de neg\u00f3cios nos \u00e2mbitos nacional e internacional. Desde o in\u00edcio, nasceu com o prop\u00f3sito de introduzir solu\u00e7\u00f5es inovadoras no mercado, conectando desenvolvimento econ\u00f4mico \u00e0 responsabilidade ambiental. Especializada na implanta\u00e7\u00e3o de usinas de [&hellip;]<\/p>\n","protected":false},"author":1,"featured_media":0,"parent":0,"menu_order":0,"comment_status":"closed","ping_status":"closed","template":"","meta":{"footnotes":""},"class_list":["post-136","page","type-page","status-publish","hentry"],"_links":{"self":[{"href":"https:\/\/sbservicos.net.br\/index.php?rest_route=\/wp\/v2\/pages\/136","targetHints":{"allow":["GET"]}}],"collection":[{"href":"https:\/\/sbservicos.net.br\/index.php?rest_route=\/wp\/v2\/pages"}],"about":[{"href":"https:\/\/sbservicos.net.br\/index.php?rest_route=\/wp\/v2\/types\/page"}],"author":[{"embeddable":true,"href":"https:\/\/sbservicos.net.br\/index.php?rest_route=\/wp\/v2\/users\/1"}],"replies":[{"embeddable":true,"href":"https:\/\/sbservicos.net.br\/index.php?rest_route=%2Fwp%2Fv2%2Fcomments&post=136"}],"version-history":[{"count":8,"href":"https:\/\/sbservicos.net.br\/index.php?rest_route=\/wp\/v2\/pages\/136\/revisions"}],"predecessor-version":[{"id":269,"href":"https:\/\/sbservicos.net.br\/index.php?rest_route=\/wp\/v2\/pages\/136\/revisions\/269"}],"wp:attachment":[{"href":"https:\/\/sbservicos.net.br\/index.php?rest_route=%2Fwp%2Fv2%2Fmedia&parent=136"}],"curies":[{"name":"wp","href":"https:\/\/api.w.org\/{rel}","templated":true}]}}